Calculate the remainder when 439639 is divided by 9354.
1
Calculate the remainder when 5004 is divided by 2498.
8
What is the remainder when 23347 is divided by 292?
279
What is the remainder when 55376 is divided by 374?
24
What is the remainder when 22972 is divided by 4?
0
Calculate the remainder when 58486 is divided by 105.
1
What is the remainder when 29340 is divided by 4?
0
Calculate the remainder when 52760 is divided by 1576.
752
Calculate the remainder when 216699 is divided by 81.
24
Calculate the remainder when 55033 is divided by 86.
79
Calculate the remainder when 127241 is divided by 246.
59
Calculate the remainder when 3399 is divided by 380.
359
What is the remainder when 1738235 is divided by 388?
383
What is the remainder when 6364 is divided by 1559?
128
Calculate the remainder when 384475 is divided by 31.
13
What is the remainder when 63765 is divided by 77?
9
What is the remainder when 41939 is divided by 53?
16
What is the remainder when 13312 is divided by 1740?
1132
Calculate the remainder when 365368 is divided by 182683.
2
What is the remainder when 2397 is divided by 307?
248
What is the remainder when 45256 is divided by 5028?
4
What is the remainder when 3252 is divided by 233?
223
What is the remainder when 826763 is divided by 9?
5
What is the remainder when 90123 is divided by 54?
51
What is the remainder when 1689561 is divided by 461?
457
What is the remainder when 1984 is divided by 745?
494
What is the remainder when 43425 is divided by 61?
54
Calculate the remainder when 642751 is divided by 405.
16
Calculate the remainder when 39580 is divided by 3293.
64
Calculate the remainder when 83450 is divided by 256.
250
Calculate the remainder when 290793 is divided by 577.
562
Calculate the remainder when 34064 is divided by 19.
16
Calculate the remainder when 13540 is divided by 122.
120
Calculate the remainder when 51966 is divided by 105.
96
What is the remainder when 9601 is divided by 1196?
33
What is the remainder when 7322 is divided by 2209?
695
What is the remainder when 11097 is divided by 48?
9
What is the remainder when 196166 is divided by 248?
246
Calculate the remainder when 85870 is divided by 687.
682
What is the remainder when 1147 is divided by 1064?
83
Calculate the remainder when 296119 is divided by 269.
219
Calculate the remainder when 4646 is divided by 886.
216
What is the remainder when 84139 is divided by 5599?
154
What is the remainder when 4741 is divided by 250?
241
Calculate the remainder when 7486 is divided by 258.
4
What is the remainder when 3815 is divided by 141?
8
Calculate the remainder when 2812 is divided by 164.
24
Calculate the remainder when 5284 is divided by 1309.
48
What is the remainder when 71875 is divided by 35931?
13
What is the remainder when 4563 is divided by 1137?
15
Calculate the remainder when 37688 is divided by 580.
568
Calculate the remainder when 3627 is divided by 36.
27
What is the remainder when 7516 is divided by 188?
184
Calculate the remainder when 4808 is divided by 436.
12
What is the remainder when 2455 is divided by 159?
70
What is the remainder when 10969 is divided by 19?
6
Calculate the remainder when 2600 is divided by 292.
264
What is the remainder when 17642 is divided by 341?
251
Calculate the remainder when 84799 is divided by 21161.
155
What is the remainder when 30875 is divided by 73?
69
Calculate the remainder when 5076 is divided by 34.
10
What is the remainder when 963 is divided by 666?
297
What is the remainder when 7771 is divided by 1930?
51
Calculate the remainder when 148140 is divided by 1001.
993
Calculate the remainder when 1299 is divided by 209.
45
What is the remainder when 1437 is divided by 368?
333
What is the remainder when 8261 is divided by 2060?
21
Calculate the remainder when 338028 is divided by 37555.
33
Calculate the remainder when 187289 is divided by 5852.
25
What is the remainder when 34550 is divided by 300?
50
Calculate the remainder when 5339 is divided by 21.
5
Calculate the remainder when 9709 is divided by 10.
9
What is the remainder when 577604 is divided by 38506?
14
What is the remainder when 81048 is divided by 1094?
92
What is the remainder when 89834 is divided by 21?
17
What is the remainder when 458677 is divided by 20?
17
What is the remainder when 73155 is divided by 287?
257
Calculate the remainder when 757 is divided by 113.
79
What is the remainder when 1155432 is divided by 165061?
5
Calculate the remainder when 92240 is divided by 46029.
182
What is the remainder when 20676 is divided by 31?
30
Calculate the remainder when 67923 is divided by 475.
473
What is the remainder when 309071 is divided by 317?
313
What is the remainder when 2925 is divided by 67?
44
What is the remainder when 10290586 is divided by 148?
146
Calculate the remainder when 57058 is divided by 388.
22
What is the remainder when 4489 is divided by 32?
9
What is the remainder when 57669 is divided by 52?
1
Calculate the remainder when 5646 is divided by 345.
126
What is the remainder when 20559 is divided by 97?
92
Calculate the remainder when 2757 is divided by 146.
129
Calculate the remainder when 192013 is divided by 1178.
1177
Calculate the remainder when 71 is divided by 55.
16
What is the remainder when 204267 is divided by 91?
63
What is the remainder when 4872 is divided by 904?
352
What is the remainder when 971 is divided by 188?
31
Calculate the remainder when 19947 is divided by 9181.
1585
Calculate the remainder when 132130 is divided by 132106.
24
Calculate the remainder when 20664 is divided by 235.
219
What is the remainder when 7759 is divided by 1551?
4
What is the remainder when 44669 is divided by 525?
44
What is the remainder when 1654 is divided by 550?
4
What is the remainder when 3557 is divided by 40?
37
Calculate the remainder when 19701 is divided by 267.
210
Calculate the remainder when 2309 is divided by 889.
531
What is the remainder when 724895 is divided by 54?
53
What is the remainder when 22624 is divided by 11177?
270
Calculate the remainder when 77060 is divided by 1099.
130
Calculate the remainder when 11116 is divided by 11.
6
What is the remainder when 37397 is divided by 170?
167
What is the remainder when 1337 is divided by 48?
41
Calculate the remainder when 733 is divided by 315.
103
What is the remainder when 8488 is divided by 7?
4
Calculate the remainder when 325536 is divided by 24.
0
Calculate the remainder when 2699 is divided by 39.
8
What is the remainder when 184157 is divided by 30690?
17
What is the remainder when 6571 is divided by 36?
19
Calculate the remainder when 45114 is divided by 11246.
130
Calculate the remainder when 72138 is divided by 478.
438
Calculate the remainder when 5158880 is divided by 819.
818
What is the remainder when 9942 is divided by 4771?
400
Calculate the remainder when 239303 is divided by 73.
9
Calculate the remainder when 30510 is divided by 10156.
42
What is the remainder when 4286 is divided by 1983?
320
What is the remainder when 2304 is divided by 1601?
703
What is the remainder when 3031 is divided by 30?
1
What is the remainder when 4714 is divided by 4711?
3
What is the remainder when 467 is divided by 35?
12
Calculate the remainder when 192450 is divided by 13.
11
Calculate the remainder when 117583 is divided by 71.
7
Calculate the remainder when 5484 is divided by 491.
83
Calculate the remainder when 712 is divided by 89.
0
Calculate the remainder when 121038 is divided by 66.
60
Calculate the remainder when 428 is divided by 275.
153
Calculate the remainder when 217867 is divided by 230.
57
What is the remainder when 1525710 is divided by 1336?
1334
Calculate the remainder when 733515 is divided by 23.
22
What is the remainder when 18182 is divided by 10?
2
Calculate the remainder when 5007 is divided by 289.
94
What is the remainder when 6280 is divided by 390?
40
What is the remainder when 745 is divided by 27?
16
What is the remainder when 15000 is divided by 3197?
2212
What is the remainder when 3260 is divided by 1062?
74
What is the remainder when 610582 is divided by 76?
74
Calculate the remainder when 15598 is divided by 66.
22
Calculate the remainder when 1516 is divided by 33.
31
What is the remainder